at is the units digit of g?
0
Let y(l) = -l**2 + 8*l + 5. Let m be y(6). Suppose -31*p + 434 = -310. Let r = p - m. What is the units digit of r?
7
Suppose 0 = 2*c + 2*x - 1 - 31, 4*c = 2*x + 40. Suppose c*a = 7*a + 430. What is the tens digit of a?
8
Let r(p) = p**2 - 3*p + 2. Let g be r(2). Let s be (4/(-3))/1*-3. Suppose 0 = -3*a + a + x + 31, s*a - 3*x - 67 = g. What is the units digit of a?
3
What is the units digit of ((235760/64)/35)/(2/8)?
1
Suppose 0 = -10*o + 16589 - 2989. What is the hundreds digit of o?
3
Let y be ((-2055)/10)/(-3)*(-4)/(-2). Suppose 3*l = -p + 60, -2*p - 19 = 5*l - y. What is the tens digit of p?
5
Let j(g) = 63*g**3 + 2*g**2 - g. Let n be j(1). Suppose -3*u + 41 = -n. What is the units digit of u?
5
Suppose 31*d - 12890 = 5307. What is the units digit of d?
7
Let u be (-19)/2 + (-9)/18. Let i = u - 6. Let w = -14 - i. What is the units digit of w?
2
Let v(j) = -22*j + 5. Let z(b) = -b**3 + 6*b**2 - 3. Let w be z(6). What is the units digit of v(w)?
1
Let p(b) = b. Let h be p(0). Let j be 0 - 1*(3 + -3). Suppose 4*v = j, -2*u + h*v - v = -8. What is the units digit of u?
4
Let p(i) = 3*i**2 + 2*i + 47. What is the units digit of p(7)?
8
Let x be (-33)/6*-2 + -11 + 5. Let r = -2 + 5. Suppose 3*b - x*f - 55 = 0, 3*b + r*f + 17 = 80. What is the units digit of b?
0
What is the tens digit of ((-4500)/(-35))/(-3*5/(-105))?
0
Let r(q) = 2*q + 2. Let z be r(0). Suppose -43 = -z*k - 3. What is the units digit of k?
0
Suppose 2*o + 2*o = 12. What is the units digit of (4 + 74/(-8))*(-16)/o?
8
Suppose -5*h - 326 + 3651 = -5*t, 0 = -5*t - 20. Let w be 6/(-24) - h/(-4). What is the units digit of w/5*3/9?
1
Let t(v) be the third derivative of v**6/120 + v**5/10 + v**4/12 + v**3/6 - v**2. Suppose -4 = -11*s + 12*s. What is the tens digit of t(s)?
2
Let c(l) = -l**2 - 2*l - 1. Let b(q) = -2*q**2 - 18*q - 6. Let r(a) = b(a) - c(a). Suppose -2*p = 2*p + 52. What is the tens digit of r(p)?
3
Suppose 11 = 3*t - 3*b - 4, 3*b + 15 = -2*t. Suppose 4*d - 245 + 45 = t. What is the units digit of d?
0
Let t(j) = -3*j + 69. Let i be t(23). Suppose 11*c - 2*c - 2295 = i. What is the tens digit of c?
5
Let j = -9 + 7. What is the units digit of (j*(-268)/(-8))/(-1)?
7
Suppose 7*b + 2*b - 3321 = 0. What is the tens digit of b?
6
Let b(o) = o**3 + 12*o**2 - 15*o - 10. Let p be b(-11). What is the tens digit of (p/(-4))/(1 + -4)?
2
What is the tens digit of ((-477)/4)/(-3) - 1/(-4)?
4
Let d(y) = 88 - 11*y - 194 + 88. What is the tens digit of d(-7)?
5
Suppose 0 = n + 3*n - 12. Suppose 5*v - 305 = -n*j + 32, 4*v + j - 264 = 0. Suppose h - v = -4*h. What is the tens digit of h?
1
Suppose 5*l + 665 = 5*w, -3*w + 3*l - 532 = -7*w. What is the units digit of w?
3
Let w(h) = -1227*h**2 - 1. Let d be w(-1). What is the tens digit of 2/8 + d/(-16)?
7
Suppose 12 = -10*i + 12*i. Suppose -200 = i*o - 1184. What is the units digit of o?
4
Let k be (32/6)/(15/9 - 1). Suppose k*c - 468 = 4*c. What is the hundreds digit of c?
1
Suppose 31*d + 3129 = 10073. What is the hundreds digit of d?
2
Let c(j) be the third derivative of -4*j**2 + 1/6*j**3 + 0 - 5/24*j**4 + 0*j. What is the units digit of c(-1)?
6
Suppose 0 = -n + 5*n - 68. Suppose -2*y + n + 1 = 0. Let r = y - 5. What is the units digit of r?
4
What is the hundreds digit of (26 - -31)*(-23)/(-3)?
4
Suppose -14293 = -18*r - 2971. What is the hundreds digit of r?
6
Let c be (-30)/4*140/(-21). Let m = c + -30. What is the units digit of m?
0
Let o(p) = -3*p + 3. Let l be o(-2). Suppose -5*h = 5*f - 75, -f = 2*h + h - l. What is the tens digit of f?
1
Let c(a) = -a**3 - 2*a**2 - 3*a - 2. Let o be c(-1). Suppose o*b - b + 169 = 4*s, 184 = 4*s + 4*b. What is the units digit of s?
1
Let n(v) = -62*v - 72. What is the tens digit of n(-5)?
3
Suppose -4*m + 495 = -n - 319, 0 = -3*m + 3*n + 606. What is the hundreds digit of m?
2
Let v = 22 - -6. Suppose -v = p + 3*p. What is the tens digit of ((-14)/4)/p*58?
2
Let o(l) = 65*l**2 + 12*l - 41. What is the tens digit of o(4)?
4
Suppose 5*j = d + 12, d = 4*d + 3*j - 18. Suppose -4*x = a - 20 - 13, -x - 47 = -d*a. What is the units digit of a?
7
Let z(i) = -i + 47. Let b be z(-19). Suppose -2*l - l + b = 0. What is the tens digit of l?
2
Suppose -52*m = -42*m - 580. What is the tens digit of m?
5
What is the units digit of -1105*((-3 + 3)/2 - 4)?
0
Let v = -5466 + 11232. What is the units digit of v?
6
Let q be (-3 + (-20)/(-6))*9. Suppose -3*f - 63 = -6*f. Suppose 2*z + q*s - 6 = 0, -z = s - 4*s - f. What is the units digit of z?
9
Let b(x) = -64*x + 115. What is the units digit of b(-25)?
5
Suppose 2*j - 20 = -3*j. Let u(o) = j*o**2 + 2*o + 12*o - 11*o**2 - 8*o**2 - o**3 + 7. What is the units digit of u(-16)?
9
Suppose 4*t + 258 = s + 107, 645 = 5*s + 2*t. What is the hundreds digit of s?
1
Let w = 240 + -77. What is the units digit of w?
3
Suppose 5*i - 5*l = 4245, 4*l - 5*l + 1698 = 2*i. What is the tens digit of i?
4
Suppose -9574 = -0*p + 2*p - z, -4*p - 3*z - 19128 = 0. What is the hundreds digit of p/(-22)*2/3?
1
Suppose 0 = 2*q - 22 - 22. What is the tens digit of q - 1/(2 - 1)?
2
Let z = -6 + 10. Suppose 5*f - z*f = 77. What is the tens digit of f?
7
Let x(c) = c**3 + 2*c**2 - 9*c - 1. Let f be x(-4). Suppose -5*a = f*n - 488, 3*a + 4*n = 101 + 183. What is the tens digit of a?
0
Let p = 173 - 52. Let f = p + -37. What is the units digit of f?
4
Suppose 4*u = 3*y + 2688 - 15264, 0 = -4*u + 12. What is the hundreds digit of y?
1
Let l(j) = 5*j + 16. What is the units digit of l(1)?
1
Let x be (10/(-3))/(9/(-513)). Suppose -4*f = 0, -2*b + 2*f + x = -6. What is the units digit of b?
8
Let s = -88 + 55. Let r = s + 135. What is the units digit of r?
2
Let t(a) = 30*a + 125. What is the hundreds digit of t(23)?
8
Let g(x) = 7*x - 1. Let h be g(1). Let j = 11 - h. Suppose 0 = 3*b - j*b + 2. What is the units digit of b?
1
Suppose -5*v - o = -4556, -5*o - 12 - 8 = 0. What is the hundreds digit of v?
9
Let z = 558 + 1606. What is the thousands digit of z?
2
Let j(s) = 2*s**3 - 2*s**2 - 4*s + 7. Let y be j(2). Suppose -y*z = -10*z + 207. What is the tens digit of z?
6
Let f(v) = -179*v + 11. What is the hundreds digit of f(-6)?
0
Let c be 2/4*6 - -2. Suppose -k + 3*m = -5, -k + 38 = 4*m + c. What is the tens digit of k?
1
Let w(s) = -5*s + 7. Suppose 2*p + 5*k - 15 = 3*p, -p - 4*k = -21. Let j(q) = 4*q - 6. Let f(n) = p*w(n) + 6*j(n). What is the units digit of f(-8)?
7
Let z(i) = -i**3 + 5*i**2 - 3*i + 4. Let d be z(5). Let y(m) = 4*m - 9. Let c(l) = -3*l + 9. Let v(u) = -5*c(u) - 4*y(u). What is the units digit of v(d)?
2
Let o be (-12)/5 - (-6)/15. Let v be 7/1 + (o - -4). Let d(x) = -x**3 + 10*x**2 - 8*x + 11. What is the tens digit of d(v)?
2
Suppose -3*h + 134 = 5*i, -116 = -4*i + 7*h - 5*h. What is the units digit of i?
8
Suppose -5*p + 3*p + 6 = 0. Suppose 0 = -p*n + 4*n - 8. What is the units digit of n?
8
Let z(u) = -u**2 + u - 1. Let f(y) = -y**3 + 3*y**2 - 3*y - 31. Let q(d) = -f(d) - 4*z(d). Let o = 1753 - 1753. What is the tens digit of q(o)?
3
Let a(m) = 56*m**2 + 20*m + 5. What is the thousands digit of a(-7)?
2
Suppose -y - 90 = -3*a, -109 = -4*a + 6*y - y. Let x = a + -29. What is the units digit of x?
2
Let i be ((-5)/((-5)/(-4)))/(-1). Let b be 2 + (4 - i) + 6. What is the units digit of 20/b*8/10?
2
Suppose 28 - 326 = -2*y. Let i = -86 + y. What is the tens digit of i?
6
Suppose 13*r = 15*r + 22. Let n be (-9)/(-2)*(-7 - r). Let l = n + 7. What is the tens digit of l?
2
Suppose -3*o - h + 177 = -74, 445 = 5*o - 5*h. What is the tens digit of o?
8
Suppose -4*i + 693 = 2*g - 555, -4*i = 3*g - 1866. What is the units digit of g?
8
Let c = -25 - -55. Let j = c - 27. Suppose -5*m + 163 = j*a, -a = -6*m + 5*m + 39. What is the units digit of m?
5
Let p be 16689/(-21) - (-3)/(21/(-2)). What is the hundreds digit of (-20)/(-25)*(-1)/(6/p)?
1
Let s(a) = 21*a**2 - 83*a + 3. What is the hundreds digit of s(-5)?
9
Let u = -532 + 951. What is the tens digit of u?
1
Let k(d) = d**2 + 9*d + 1. Let a be k(-8). Let v = 14 + a. Suppose -5*n - 5*m + 30 = 0, v*m - 4*m - 24 = -5*n. What is the units digit of n?
3
Let j(t) = -t**3 - 23*t**2 + 24*t + 192. What is the units digit of j(-26)?
6
Let q(t) = 8*t - 32. Let v be q(19). Suppose v = 5*d - 3*p, 0 = 2*p - 